1
Let n = 5 + 0. Let c = -2 + n. Suppose 94 = 2*b + 3*q, b + c*q - 4*q - 57 = 0. What is the units digit of b?
3
Let m = 312 + -628. What is the tens digit of ((-1)/2)/(2/m)?
7
Let f(g) = g**3 - g - 4. Let u be f(2). Let d = u + 99. What is the hundreds digit of d?
1
What is the tens digit of (-1*(-5090)/14)/(28/196)?
4
Let k(r) = r - 12. Let a be k(12). Suppose -4*l + 71 = -4*f + 7, a = -2*l + 4*f + 22. What is the tens digit of l?
2
Let d = 11 - 1. Let a = -14 + d. What is the tens digit of 22 + a/(-2 - 0)?
2
Suppose 0 = 3*q + 4*p - 1199, -4*q - 3*p = -7*p - 1636. Suppose 928 = 4*r - 3*d, -5*d + 720 = 5*r - q. What is the tens digit of r?
2
Suppose 10*p - 107 = 123. Suppose 2*c + p - 93 = -l, 70 = 2*c + 5*l. What is the tens digit of c?
3
Let g(s) = -s**2 - 11*s - 8. Let y be g(-10). Let m(v) = 49*v**y + 2 + 9*v + 5 - 50*v**2. What is the units digit of m(9)?
7
Suppose -d - 240 = -6*d. Suppose -3*q = x - 83, -2*x - d = -3*q + 20. Suppose 0 = 2*v - 4*a - q, v + 2*v - a = 19. What is the units digit of v?
5
Let k be (-1 - -1) + 3 + 16. Let i = k - 17. What is the units digit of i?
2
What is the tens digit of 6 + (-862)/(-22) + (-2)/11?
4
Let w be 25 + (1/(-1) - 2). Let d = -20 + w. What is the units digit of (-5 - d - 4)*-1?
1
Let m be 28/182 + (-2)/13. Suppose b - 163 = -3*k, m*k = k + 3*b - 49. What is the tens digit of k?
5
Let c = 124 - 44. Let q be 104*(-5)/(c/52). What is the tens digit of (-12)/42 - q/7?
4
Suppose -24 = -11*d + 7*d. What is the units digit of 147/6 + (-3)/d?
4
Let b be 2*(3 + -2) - -2. Let m(x) = x**3 + x - 1. Let q be m(2). What is the units digit of q/4 + (-1)/b?
2
Let s(h) = 18*h**3 - h**2 + h + 2. Suppose 3*q - 5*j + 4 = 0, -2*j + 2 = -3*q + 2*q. Let d be s(q). What is the tens digit of ((-3)/6)/((-3)/d)?
2
Let r = -565 - -1176. What is the hundreds digit of r?
6
Suppose 1733*j - 16715 = 1728*j. What is the hundreds digit of j?
3
What is the thousands digit of -4 + 1 + 1 + 43033/23?
1
Let p(w) = 30 - 10*w - 40 - 21*w. What is the units digit of p(-3)?
3
Suppose -2*y = -5*t - 67, -4*t = 3*y + 3 - 138. Suppose -5*f + y = -9. What is the units digit of f?
0
Let h(u) = -u**2 - u + 4. Let j be h(-4). Suppose 33 = 5*b + 3*x, -7*x + 10*x - 21 = -3*b. Let m = b - j. What is the tens digit of m?
1
Let j be 4/(-6) + (-16)/(-24). Suppose j = 8*h - 4*h - 160. What is the tens digit of h?
4
Let s(d) = 4*d - 54. Let g be s(14). Suppose 4*r + 752 = 4*n, g*n + 2*n - 5*r - 747 = 0. What is the hundreds digit of n?
1
Let k(l) = 1369*l**3 - l**2 + 3*l - 2. What is the units digit of k(1)?
9
Let n = 542 + -14. Suppose -18*v = -21*v + n. What is the units digit of v?
6
Let j(o) = 3 - 3 - o - 7*o - 3. Suppose -2*p - 4 = 2*u, -5*u = 5*p - 4*p + 2. What is the units digit of j(p)?
3
Let i(v) = 88*v. What is the tens digit of i(1)?
8
Let z = 965 + -526. What is the units digit of z?
9
Suppose 4*l + 5*y + 52 = 0, 4*l + 7*y + 48 = 3*y. What is the tens digit of l - -10 - (-23 - -1)?
2
Suppose 0 = -72*d + 63177 + 165063. What is the units digit of d?
0
Let l be (-1)/4 + (-6390)/(-24). Suppose -f + 3*f = l. What is the units digit of f?
3
Suppose 3199 = 4*i + o, -4*i = -3*o - 3749 + 562. What is the hundreds digit of i?
7
Suppose -16 = -4*g + 8*g. What is the units digit of (3 - 1)/(g/(-30))?
5
Let u(w) = 8*w - 6. Let c be u(4). Let m be 630/(-27) - (-5)/(15/(-2)). Let a = m + c. What is the units digit of a?
2
Let s(h) be the first derivative of -h**3/3 + 38*h + 4. Let u be s(0). Suppose 0 = -6*d + 7*d - u. What is the tens digit of d?
3
Let r be ((-6)/(-4))/((-27)/(-72)). Suppose y + 11 = 4*y - 2*g, -r*y - g = -11. Suppose -z + 7 = y*a, -4*a - a = -z - 17. What is the units digit of a?
3
Let n = -659 + 1186. What is the hundreds digit of n?
5
Suppose 10*h - 5180 = 670. What is the hundreds digit of h?
5
Let l(d) = d + 1 - 7*d**3 + 6*d**2 + 8*d**3 + 0. Suppose 3*u + 3*c + 15 = 0, -c = -3*u - u - 15. What is the tens digit of l(u)?
2
Let z = 209 - -116. Suppose 0 = -4*d - 4*m - m + z, -3*m = -3*d + 264. What is the tens digit of d?
8
Suppose 3*x = -2*x + 100. Suppose v + 4*s + 160 = 0, 710 = -4*v + 47*s - 49*s. What is the units digit of (-9)/(v/8)*x?
8
Suppose -19*p + 11896 = -17554. What is the tens digit of p?
5
Suppose -8 + 0 = -2*v. Suppose c = -n + 34, -2*c + 7*c + v*n - 172 = 0. What is the units digit of c?
6
Let c(l) be the third derivative of -11*l**4/24 + 17*l**3/3 + 7*l**2. What is the hundreds digit of c(-9)?
1
Suppose -5*d + 336 = -2*d. What is the tens digit of (3/(-4))/((-1)/d*2)?
4
Let u(r) = 2*r**2 + 10. Let z(q) = -2*q**2 + 2*q. Let a be z(1). Suppose -3*v + v + l - 10 = a, 2*v + 3*l = -10. What is the units digit of u(v)?
0
What is the units digit of (-70)/(-14) + (-658)/(1 - 3)?
4
Let u(b) = -4*b + 5. Let v(h) = 16*h**3 + h**2 + h - 1. Let f be v(1). Suppose 3*z + 1 = -f. What is the tens digit of u(z)?
2
Suppose 4*a - 5*f = -3*f + 3614, 12 = -4*f. What is the units digit of a?
2
Suppose 3*v = 5*o - 9664, -8*v + 5796 = 3*o - 11*v. What is the thousands digit of o?
1
Suppose 5*l - 4092 = -3*f + 2656, -3*f + 3*l + 6780 = 0. What is the units digit of f?
6
Let a(u) = -u**2 + 2*u + 3. Let t be a(0). Suppose 0 = t*b - 4*b - 2. What is the units digit of -4*(3 - (b - -6))?
4
Suppose -2*k - 22 = -5*z, -3*k = -6*k - 4*z - 10. What is the units digit of k*10/(-5) + -4?
8
Let i(o) = o**2 + 2*o + 4. Let x(d) = -d**3 - 7*d**2 - d - 1. Let a be x(-7). Suppose -2*n + 4 = -a*n, g = -2*n + 1. What is the units digit of i(g)?
9
Let s(z) = z**2 + 6*z - 10. Let w be s(4). Let q = 12 + w. What is the tens digit of q?
4
Let r(d) = -6*d**3 + 7*d - 3. Let w be r(2). Let c = -32 - w. What is the units digit of c?
5
What is the tens digit of (-3 + 2)/((-6362)/1272 + 5)?
3
Suppose 5*c = s + 146, 10*s - 5*s + 2*c = -676. What is the units digit of (-6)/(-9) - s/3?
6
Let r be -3 + 123/(-2 + -1). Let c = r - -57. What is the tens digit of c?
1
Suppose -4*h - 3*a + 10 = 0, h - 3*h + 2 = 3*a. Suppose h*y + 5*g + 5 = 2, -y - 3 = -g. Let l(x) = -x**3 + x**2 - 3*x - 3. What is the units digit of l(y)?
5
Suppose 4*c + 918 = 4*w - 2*w, -w = 5*c - 480. What is the hundreds digit of w?
4
Let t be (-4)/(-6)*(-45)/(-10). Let r(u) = 2*u - 5. What is the units digit of r(t)?
1
Suppose -4*q = -q - 60. Suppose -x = 3*d, -2*x + 0*x + q = d. Let w = 35 - x. What is the units digit of w?
3
Let k = -1633 + 2573. What is the tens digit of k?
4
Let x be (-12)/30*(0 + -115). Suppose 2*m - x = -8. What is the tens digit of m?
1
Suppose -69 - 60 = -3*v. Suppose -2*g - 5 = -n - v, -4*g + 5*n = -82. What is the units digit of g?
8
Let p(t) = 33*t**2 - 2. Let y be p(-3). Suppose 70*r - 15 = 65*r. Suppose y = -r*b + 8*b. What is the units digit of b?
9
Suppose -3*x - 6*h + 5 = -h, 5*h = -25. Let v be -5*x/4*-10. Suppose 5*o = 5*r - v, -o + 4 = -0. What is the tens digit of r?
2
Let x(g) = -3340*g - 63. What is the thousands digit of x(-1)?
3
Let l be 5*(4/2)/2. Suppose l*u = -175 - 1790. What is the tens digit of u/(-21) - (-6)/21?
1
Let m(z) = -6*z**2 + 12*z + 23. Let y(w) = -5*w**2 + 12*w + 22. Let k(s) = 4*m(s) - 5*y(s). What is the tens digit of k(17)?
6
What is the tens digit of ((-2)/1 - -6) + -12 + 354?
4
Let g(f) = -f + 5. Let a be g(5). Suppose -22*u + 26*u - 320 = a. What is the units digit of u?
0
Let m = -2 - -6. Let c(g) = 2 + 7 - 7*g - m + 6. What is the tens digit of c(-5)?
4
Let f = 4534 - 10942. What is the tens digit of (-6)/8 + f/(-96)?
6
Suppose 0 = 38*w - 42*w + 8. Suppose f - k = 82 + 8, 354 = 4*f - w*k. What is the units digit of f?
7
Suppose -6 = -5*o - 5*q + 19, o + 3*q = 11. Suppose 4*w - 31 = 3*k, -o*k - 2*w - 34 = 2*k. What is the units digit of (-1)/3 + (-120)/k?
3
Let j = -52 + 48. What is the units digit of 192*1/j*-3?
4
Suppose -2*u - 2 = 4*k + 4, 0 = 3*k + 9. Suppose 5*n - 390 = -u*l, -2*n - 177 = -4*n + 3*l. What is the tens digit of n?
8
Let p(m) = -5*m**3 - 4*m**2 + 3*m + 4. Let l = -64 + 61. What is the tens digit of p(l)?
9
Let z = 22 - 20. Suppose 11 = z*h - 81. What is the tens digit of h?
4
What is the tens digit of -1*6/(-39) + 93900/78?
0
Let w(h) = 5*h**2 - 4*h + 415. What is the hundreds digit of w(26)?
6
Let j = 1239 - -417. What is the units digit of j?
6
Let z = 92 - 84. Suppose 209 = z*v - 287. What is the tens digit of v?
6
S